{"id":72,"date":"2012-09-29T00:02:04","date_gmt":"2012-09-28T22:02:04","guid":{"rendered":"http:\/\/localhost\/wordpress\/?page_id=72"},"modified":"2017-04-26T14:29:14","modified_gmt":"2017-04-26T12:29:14","slug":"impressum","status":"publish","type":"page","link":"http:\/\/westmagazin.de\/?page_id=72","title":{"rendered":"Impressum"},"content":{"rendered":"<p><a href=\"http:\/\/westmagazin.de\">Westmagazin<\/a><\/p>\n<p>Hauptstra\u00dfe 43<br \/>\n66127 Klarenthal<\/p>\n<p>Telefon: +49 68 98 \/ 85 24 53<br \/>\nTelefax: +49 68 98 \/ 85 24 55<\/p>\n<p>E-Mail: texte@westmagazin.de<br \/>\nInternet: <a href=\"http:\/\/westmagazin.de\">www.westmagazin.de<\/a><\/p>\n<p>Umsatzsteuer-Identifikationsnummer gem\u00e4\u00df \u00a7 27 a Umsatzsteuergesetz: DE 229 551 745<\/p>\n<p>Inhaltlich Verantwortlicher gem\u00e4\u00df \u00a7 10 Absatz 3 MDStV: J\u00f6rg Kuhn (Anschrift wie oben)<\/p>\n<p><strong>Haftungshinweis:<\/strong> Trotz sorgf\u00e4ltiger inhaltlicher Kontrolle \u00fcbernehmen wir keine Haftung f\u00fcr die Inhalte externer Links. F\u00fcr den Inhalt der verlinkten Seiten sind ausschlie\u00dflich deren Betreiber verantwortlich.<\/p>\n","protected":false},"excerpt":{"rendered":"<p>Westmagazin Hauptstra\u00dfe 43 66127 Klarenthal Telefon: +49 68 98 \/ 85 24 53 Telefax: +49 68 98 \/ 85 24 55 E-Mail: texte@westmagazin.de Internet: www.westmagazin.de Umsatzsteuer-Identifikationsnummer gem\u00e4\u00df \u00a7 27 a Umsatzsteuergesetz: DE 229 551 745 Inhaltlich Verantwortlicher gem\u00e4\u00df \u00a7 10 &hellip; <a href=\"http:\/\/westmagazin.de\/?page_id=72\">Weiterlesen <span class=\"meta-nav\">&rarr;<\/span><\/a><\/p>\n","protected":false},"author":2,"featured_media":0,"parent":0,"menu_order":0,"comment_status":"closed","ping_status":"closed","template":"","meta":{"footnotes":""},"class_list":["post-72","page","type-page","status-publish","hentry"],"_links":{"self":[{"href":"http:\/\/westmagazin.de\/index.php?rest_route=\/wp\/v2\/pages\/72","targetHints":{"allow":["GET"]}}],"collection":[{"href":"http:\/\/westmagazin.de\/index.php?rest_route=\/wp\/v2\/pages"}],"about":[{"href":"http:\/\/westmagazin.de\/index.php?rest_route=\/wp\/v2\/types\/page"}],"author":[{"embeddable":true,"href":"http:\/\/westmagazin.de\/index.php?rest_route=\/wp\/v2\/users\/2"}],"replies":[{"embeddable":true,"href":"http:\/\/westmagazin.de\/index.php?rest_route=%2Fwp%2Fv2%2Fcomments&post=72"}],"version-history":[{"count":7,"href":"http:\/\/westmagazin.de\/index.php?rest_route=\/wp\/v2\/pages\/72\/revisions"}],"predecessor-version":[{"id":341,"href":"http:\/\/westmagazin.de\/index.php?rest_route=\/wp\/v2\/pages\/72\/revisions\/341"}],"wp:attachment":[{"href":"http:\/\/westmagazin.de\/index.php?rest_route=%2Fwp%2Fv2%2Fmedia&parent=72"}],"curies":[{"name":"wp","href":"https:\/\/api.w.org\/{rel}","templated":true}]}}

<p><a href="http://westmagazin.de">Westmagazin</a></p>
<p>Hauptstraße 43<br />
66127 Klarenthal</p>
<p>Telefon: +49 68 98 / 85 24 53<br />
Telefax: +49 68 98 / 85 24 55</p>
<p>E-Mail: texte@westmagazin.de<br />
Internet: <a href="http://westmagazin.de">www.westmagazin.de</a></p>
<p>Umsatzsteuer-Identifikationsnummer gemäß § 27 a Umsatzsteuergesetz: DE 229 551 745</p>
<p>Inhaltlich Verantwortlicher gemäß § 10 Absatz 3 MDStV: Jörg Kuhn (Anschrift wie oben)</p>
<p><strong>Haftungshinweis:</strong> Trotz sorgfältiger inhaltlicher Kontrolle übernehmen wir keine Haftung für die Inhalte externer Links. Für den Inhalt der verlinkten Seiten sind ausschließlich deren Betreiber verantwortlich.</p>

<p>Westmagazin Hauptstraße 43 66127 Klarenthal Telefon: +49 68 98 / 85 24 53 Telefax: +49 68 98 / 85 24 55 E-Mail: texte@westmagazin.de Internet: www.westmagazin.de Umsatzsteuer-Identifikationsnummer gemäß § 27 a Umsatzsteuergesetz: DE 229 551 745 Inhaltlich Verantwortlicher gemäß § 10 &hellip; <a href="http://westmagazin.de/?page_id=72">Weiterlesen <span class="meta-nav">&rarr;</span></a></p>
